et b(q) = 5*l(q) - 6*t(q). Suppose 15 = 3*x - 0. Determine b(x).
5
Let v(t) = -12*t - 12 - 24*t**2 + 33*t**2 + 0 + t**3. Calculate v(-10).
8
Let o(n) = -2*n - 2. Let j be o(-2). Let y(m) = -4 + 3*m - 9*m + m + m**j. Calculate y(5).
-4
Suppose 25 = l - 4*c, -l + 6*l - 41 = -c. Let i(o) = -2*o + 9. Give i(l).
-9
Let m(q) = 2*q + 12. Let w(s) = -s**3 - 22*s**2 - 107*s - 34. Let x be w(-15). Calculate m(x).
4
Let p(o) = 10*o**2. Let s(g) = -4*g**2 - 31*g + 46. Let d be s(-9). Determine p(d).
10
Let t(d) = d - 6. Suppose -2*c = 14 - 22. Determine t(c).
-2
Let u(t) = 18 - 16 - t - 12 + 2*t - 3. Give u(7).
-6
Let l = -3 + -1. Let r(n) be the first derivative of -2*n**2 - 3*n - 11. Give r(l).
13
Let w be 18/162 - 490/(-45). Let p(g) = -3*g + 25. What is p(w)?
-8
Let b(g) = -6 - 4*g - g + 8 + 3*g. Calculate b(5).
-8
Let k(b) = -5*b + 4*b**2 - 3 - b**2 - 6*b**2. Let t(m) = m - 4 - m - 2*m**2 - 5*m. Let y(i) = 3*k(i) - 4*t(i). Calculate y(6).
1
Let f = 137 - 193. Let y be (f/70)/((-1)/(-5)). Let h(p) = p**2 + 4*p + 3. Let d be h(y). Let i(l) = 2*l**2 - 3*l - 2. Give i(d).
7
Let z(d) = 2*d - 33. Let w(j) = -2*j + 34. Let f(o) = -8*w(o) - 9*z(o). What is f(10)?
5
Let q(n) = -n**3 + 3*n**2 + 30*n + 2. Let k(h) = h**3 - 4*h**2 - 20*h - 2. Let u(p) = -3*k(p) - 2*q(p). Let v be -1*1 - (-1 - 6). What is u(v)?
2
Suppose 4*s - 2*s - 2*t + 18 = 0, 5*t + 5 = 0. Let z = 12 + 0. Let w = s + z. Let f(y) = y**3 + y**2 + 2*y - 1. Give f(w).
15
Let i = -239 + 239. Let a(c) = c + 7. Calculate a(i).
7
Suppose -3*m + 24*i = 19*i + 9, i - 1 = m. Let w(h) = -3*h**3 - 2*h**2 + 3*h - 3. Calculate w(m).
-29
Let g = -59 - -29. Let c be (-400)/32*(2 - 3)*2. Let x = c + g. Let t(p) = -p**2 - 5*p - 7. Calculate t(x).
-7
Let b(t) = 3*t**2 + 7*t + 12. Let h(q) = 4*q**2 + 7*q + 16. Let u(m) = -3*b(m) + 2*h(m). Give u(-4).
8
Let c(z) = -z**2 + 3*z + 4. Suppose 5*h - 26 = 24. Let p(b) = b**2 - 12*b + 24. Let m be p(h). Determine c(m).
0
Let y(s) = s**3 + s + 12. Let j be 0/(3*-1)*(28 + -29). What is y(j)?
12
Let o(i) = -6*i**2 + i - 1. Suppose 5*j - 84 - 46 = 0. Suppose -8*m - 5*x - 20 = -3*m, 5*x = m - j. Calculate o(m).
-6
Let y(d) = -12*d + 36. Let v(l) = -6*l + 21. Let h(g) = -5*v(g) + 3*y(g). What is h(5)?
-27
Let o = 453 + -462. Let h(k) = -k**3 - 10*k**2 - 9*k + 4. Give h(o).
4
Let v be ((-6)/(-9) + 3)/(10/(-30)). Let c(f) = -f**2 - 12*f - 9. Calculate c(v).
2
Let d(h) be the first derivative of -3*h**4/4 + h**2 - h - 2. Suppose 2*z + 7*z = 9. Determine d(z).
-2
Let q = 482 - 479. Let x(i) = i**3 - 2*i**2 - 3. Calculate x(q).
6
Suppose -k - 3*h = -20, -15*h + 20*h - 15 = 0. Let n(w) = w**2 - 9*w - 5. Give n(k).
17
Let c(q) = 6*q**2 - 259*q + 252*q + 4*q**3 - 5*q**3. What is c(4)?
4
Let r(l) = l**2 + 3*l - 3. Let p = 3 + -1. Suppose 0 = n - p + 6. Let y be r(n). Let q(t) = 4*t**3 + t - 1. Give q(y).
4
Let n(m) = -3*m**2 - 17*m - 13. Let l(d) = -8*d**2 - 36*d - 27. Let r(s) = 2*l(s) - 5*n(s). What is r(12)?
23
Let u = 12 - 11. Let c be 203/14 + u/(-2). Suppose -c = 2*v - 2. Let k(a) = -a**3 - 7*a**2 - 7*a - 3. Determine k(v).
3
Let y(p) = -7*p - 25. Let v(l) = 2*l + 9. Let a(h) = -17*v(h) - 6*y(h). Determine a(2).
13
Let c(q) = -q**2 + 4*q + 5. Let b(w) = w**2 + 2*w + 3. Let s be b(-4). Suppose -35 = 4*k - s*k. Determine c(k).
0
Let f = 34 + -21. Suppose r - f = -5*u, 3*r = 3*u - 0 + 3. Let x(l) = -1 + 11 + u*l - 5. What is x(4)?
13
Let f = -29 - -22. Let b(d) = 3*d**3 + 11*d**2 - 4*d + 21. Let q(t) = -t**3 - 4*t**2 + t - 7. Let v(k) = f*q(k) - 2*b(k). Give v(-6).
1
Let b = -162 - -184. Let f(m) = 2*m - 50. Determine f(b).
-6
Let s(j) = j**2 - 2*j + 3. Let l be (7 - 9) + (4 - 0). Suppose -l*i - 3 = -7. Give s(i).
3
Let i(h) = -17*h + 18*h - 7 + 4. Determine i(3).
0
Let i = -1198 + 1201. Let s(f) = 3*f - 1. Determine s(i).
8
Let d = 10 - 9. Let g = 3 - d. Let h(j) = -j**3 - 8*j**2 + 3*j**2 + 4 + 3*j**g. Give h(-3).
13
Suppose -2*q - 546 = -3*x, 0*x = -4*x - 3*q + 711. Let d(l) = 371*l - 1 - 180*l - x*l. What is d(2)?
21
Let n(x) = -x**2 + 2*x + 4. Let q be (-3)/6*-2 - -2. Suppose 0 = p - 3, u - 20 = q*p - 4*p. Let g = u - 14. Determine n(g).
1
Let t(n) = 2*n + 5. Suppose -5*o + 35 = -5*u, 0 = 2*o - 5*o - 5*u + 13. Let z = -2 - -7. Let h be (o/z)/((-3)/15). What is t(h)?
-7
Let f(r) be the first derivative of -r**5/10 + r**4/6 + 2*r**3/3 - r**2/2 + r - 19. Let q(u) be the first derivative of f(u). Determine q(3).
-25
Suppose -152 = -14*a + 2. Suppose a*o = -26 + 4. Let d(q) = -q**3 - q**2 - 2. Give d(o).
2
Let m(v) = 18*v + 46. Let f be m(-3). Let k(y) = -y**3 - 7*y**2 + 12*y + 2. What is k(f)?
-30
Let w(c) = -5*c**2 + 2*c - 3. Let n(o) = 12*o**2 - 7*o + 6. Let d(m) = 3*n(m) + 7*w(m). Calculate d(7).
-3
Let v(x) = -x**3 - 7*x**2 + 7*x - 9. Let y be v(-8). Let s(k) = -26*k - 2. Let h be s(y). Let m be (-6)/(-4) - h/16. Let w(c) = c**2 - c - 5. Determine w(m).
-5
Let i(t) = t**3 - 3*t**2 - 4*t + 4. Let v be i(4). Suppose -3*c - 21 = -6*c. Let h(s) = -s**2 - 4 - 3 + v*s + c + 1. Give h(5).
-4
Let c(u) = u**2 - 3. Let j = 425 - 421. Determine c(j).
13
Let i(r) be the second derivative of -r**3/3 - 5*r**2/2 - 156*r. Calculate i(-7).
9
Let z(i) = 4*i - 1. Let k = 2 - -19. Let h be ((k/2)/(-7))/(6/(-20)). Calculate z(h).
19
Let q(l) = -5*l**3 - 5*l**2 - 7 + 3*l**3 + 3*l**3. Determine q(5).
-7
Let o(g) be the third derivative of -1/3*g**3 + 0 + 1/24*g**4 - 8*g**2 + 0*g. Let x = 1 - -1. What is o(x)?
0
Suppose 0*b = 4*b. Let v be b + 0 - 4/2. Let a(r) be the second derivative of r**3/3 + 3*r**2/2 - 410*r. What is a(v)?
-1
Let l(j) = 14*j + 10. Let k(u) = u + 1. Let b(i) = -10*k(i) + l(i). What is b(-3)?
-12
Let n(z) = z**2 + 7*z - 7. Let d = 90 - 36. Suppose 6*g = -0 - d. Determine n(g).
11
Let v(w) = -2*w - 2 + 4 - 4 + 5*w + w**2. What is v(-3)?
-2
Let c(s) be the third derivative of s**6/120 - s**5/10 + s**4/4 - 2*s**2. Let j(o) = 6*o**2 - 31*o + 9. Let a be j(5). Determine c(a).
-8
Suppose -5*m + 2*m = -21. Let h(i) be the first derivative of i**2 - 6*i + 6. What is h(m)?
8
Suppose -4*i + 20 = i - 5*q, -4*i + 5*q = -11. Let c(t) = -1 - 4*t + t + i*t - t. Calculate c(3).
14
Let c(k) = 9 + 4 - 3*k + 2 - 13 + 8. Give c(3).
1
Let s = 769/2298 + -1/766. Let m(w) be the third derivative of -3*w**2 + 0 + s*w**3 + 0*w + 1/12*w**5 + 1/120*w**6 - 1/12*w**4. Give m(-5).
12
Let n(j) = j + 6. Let r be n(-15). Let o(y) = -y**2 + 13*y + 7. Let c(g) = 6*g**2 - 67*g - 37. Let a(z) = -2*c(z) - 11*o(z). Calculate a(r).
-3
Suppose -2*g = -25 - 5. Let v(m) = -m**2 + 16*m - 14. Let d be v(g). Let c(o) be the second derivative of -17*o**3/6 + o**2/2 + o. Calculate c(d).
-16
Let g(v) = -v + v + v - 9*v - 2. Determine g(-4).
30
Let u be (-5)/10 + (-10)/4. Let g(j) = 3*j**3 - 3*j**2 - j + 2. Let v(k) = 6*k**3 - 7*k**2 - 2*k + 5. Let c(t) = u*v(t) + 7*g(t). Determine c(-1).
-3
Suppose -v + 1 = -17. Suppose 0 = -0*h + 2*h - v. Let t(p) = p + 1 + 2*p**2 + p + h*p**3 - 4*p. Determine t(1).
10
Suppose -5*b - 6*b = -33. Let g(c) = b + c + 8 - 3 + 0. Calculate g(0).
8
Let z(f) = -f**2 + 7*f + 3. Let q(g) = 2*g**2 - 9*g - 4. Let y(t) = 2*q(t) + 3*z(t). What is y(-5)?
11
Let c(m) = m - 3. Let f be (-3)/((-26)/(-9) - 3). Let r = -22 + f. Determine c(r).
2
Let w(p) = -5*p - 7 + 1 + 7*p - p - 3*p**2 - 1. Calculate w(5).
-77
Let l(t) = -8*t + 10 - 14 + 5*t**3 - 2*t**3 - 7*t**2 - 4*t**3. Determine l(-6).
8
Let g(x) = -x - 4. Let z be g(-7). Suppose i = -z*w + 4*i + 27, -31 = -3*w - i. Let o be (4/w)/((-15)/150). Let t(f) = -f**2 - 3*f - 3. Determine t(o).
-7
Let y(a) = 21 - 6*a**2 - 2*a - a**3 - 17 + 2*a**2. Suppose 3*x - 18 = 12. Let k be (-12)/30 - 36/x. Give y(k).
12
Suppose -22 = 25*n - 172. Let l(c) = -c**2 + 3*c + 5. Determine l(n).
-13
Let o(k) = -16 + 0*k + 12 + k. Let l = -18 + 18. What is o(l)?
-4
Let c = -20 + 22. Suppose -d + 4*o + c = 1, 0 = 3*d + 3*o - 18. Let h(j) be the second derivative of -j**3/6 - 3*j**2/2 + 3*j. Calculate h(d).
-8
Let m(x) = -2*x**2 + 6*x. Let a be m(4). Let c(v) = -56*v - 3. Let y(p) = 9*p - 1. Let r(w) = -c(w) - 6*y(w). Determine r(a).
-7
Suppose 4 = -13*k + 12*k. Let g(j) = 5*j**3 - 10*j**2 + j - 8. Let h(c) = -c**3 + c**2 + 1. Let u(r) = g(r) + 6*h(r). What is u(k)?
-6
Let h(f) be the third derivative of -f**4/12 + 4*f**3/3 - 51*f**2. Determine h(6).
-4
Let g(c) = 749*c + 7 - 373*c - 